rue
Is 1932223 a composite number?
False
Is 49045879 composite?
False
Is 13548533 a composite number?
False
Is 71612179 a composite number?
True
Is 177044167 prime?
True
Is 1369309 composite?
False
Is 984589 a composite number?
True
Is 69268649 composite?
True
Is 27299 a prime number?
True
Is 141138997 a composite number?
False
Is 10301527 composite?
False
Is 178844821 a composite number?
True
Is 1464049 composite?
False
Is 5306809 a prime number?
True
Is 2151931 composite?
True
Is 260557543 composite?
False
Is 45681203 composite?
True
Is 129655303 a composite number?
False
Is 1826371 prime?
True
Is 1217269 composite?
False
Is 3786311 a prime number?
True
Is 1759727 prime?
False
Is 12441307 composite?
True
Is 65265197 a prime number?
True
Is 18278327 a prime number?
False
Is 72697871 a prime number?
False
Is 21436813 a prime number?
False
Is 218199595 composite?
True
Is 4104001 a prime number?
False
Is 1578571 prime?
False
Is 712928063 a prime number?
False
Is 43041917 composite?
False
Is 42955361 composite?
False
Is 99815531 a prime number?
False
Is 9761653 a composite number?
True
Is 29109107 a prime number?
True
Is 370899197 a prime number?
True
Is 17054197 a composite number?
True
Is 2825439 a composite number?
True
Is 578089 prime?
False
Is 4025339 prime?
False
Is 3665017 a prime number?
True
Is 15282431 composite?
True
Is 6943837 a prime number?
False
Is 227382749 composite?
True
Is 2094721 a prime number?
True
Is 171642239 a prime number?
True
Is 225805 a composite number?
True
Is 8009347 a composite number?
False
Is 1835681 a prime number?
False
Is 1204187 a composite number?
True
Is 2650559 prime?
True
Is 483949633 a prime number?
True
Is 6287 prime?
True
Is 8349755 a prime number?
False
Is 4005457 composite?
False
Is 167382179 a composite number?
False
Is 7559129 a composite number?
True
Is 21418333 a prime number?
True
Is 31006747 a composite number?
False
Is 4347017 a prime number?
False
Is 6373859 a prime number?
True
Is 2881921 prime?
False
Is 1704343 prime?
True
Is 269183119 composite?
True
Is 161514653 a composite number?
False
Is 227224243 prime?
False
Is 1133723 a prime number?
False
Is 290593 a composite number?
False
Is 312947 a prime number?
False
Is 454073 prime?
False
Is 24458351 a composite number?
False
Is 10141129 composite?
True
Is 61871477 prime?
True
Is 1691293 composite?
False
Is 2141303 prime?
False
Is 222772037 composite?
True
Is 186457 composite?
True
Is 2164373 a composite number?
True
Is 7433549 prime?
True
Is 11420133 prime?
False
Is 165745439 a composite number?
True
Is 31820506 a composite number?
True
Is 130460173 prime?
False
Is 24975187 composite?
False
Is 408491 a prime number?
True
Is 8714719 composite?
True
Is 85608919 prime?
False
Is 347033 a prime number?
True
Is 74098429 prime?
False
Is 1197571 prime?
True
Is 26353793 a composite number?
True
Is 197178407 composite?
False
Is 79592813 prime?
False
Is 77677273 a prime number?
False
Is 22352713 a composite number?
False
Is 6771533 prime?
True
Is 15807017 prime?
False
Is 24453421 composite?
False
Is 124979 a prime number?
True
Is 2788523 a composite number?
False
Is 162285239 prime?
True
Is 8928257 prime?
False
Is 464267 prime?
False
Is 12423347 a composite number?
False
Is 88786471 prime?
True
Is 4640821 composite?
False
Is 43759369 composite?
True
Is 18090341 prime?
True
Is 1153938139 a prime number?
False
Is 270841 a prime number?
True
Is 71752539 composite?
True
Is 373153 prime?
False
Is 966459283 a prime number?
False
Is 161682919 a prime number?
True
Is 27568731 a prime number?
False
Is 594707 composite?
True
Is 11536997 a composite number?
False
Is 8140465 a composite number?
True
Is 11905627 a composite number?
True
Is 181541 prime?
False
Is 334619 a composite number?
False
Is 6987451 prime?
True
Is 2553337 prime?
True
Is 13161703 composite?
False
Is 7848278 a prime number?
False
Is 4915961 a composite number?
False
Is 7967491 composite?
True
Is 53803367 a composite number?
True
Is 24308111 a composite number?
False
Is 2087011 a prime number?
True
Is 30034993 a prime number?
True
Is 204763183 prime?
False
Is 2667089 a prime number?
False
Is 77677751 prime?
False
Is 5947093 a prime number?
False
Is 22587421 prime?
True
Is 7334747 a composite number?
True
Is 236240059 prime?
False
Is 1992839 prime?
True
Is 13045517 a composite number?
True
Is 134334341 a prime number?
True
Is 273332531 prime?
True
Is 128722469 composite?
False
Is 121207277 a prime number?
True
Is 5070973 composite?
False
Is 18780731 a composite number?
False
Is 3255009 prime?
False
Is 10542907 prime?
False
Is 69352957 composite?
True
Is 4035531 prime?
False
Is 135057581 a prime number?
True
Is 7647319 a composite number?
False
Is 31352131 prime?
False
Is 2782259 a prime number?
False
Is 1247371 a composite number?
False
Is 162128731 a composite number?
True
Is 109014437 prime?
False
Is 1779983 a prime number?
True
Is 47157947 a composite number?
False
Is 867329 composite?
True
Is 294193 a prime number?
False
Is 12865433 a prime number?
False
Is 2424151 composite?
True
Is 1864039 a prime number?
True
Is 4894771 composite?
True
Is 9636827 a prime number?
True
Is 2025587 a prime number?
False
Is 79694509 a composite number?
True
Is 26970869 a composite number?
False
Is 1772849 prime?
False
Is 10718555 prime?
False
Is 22493909 prime?
True
Is 282044431 prime?
True
Is 1604503 composite?
True
Is 801313 a prime number?
False
Is 3495731 prime?
True
Is 26731919 a composite number?
True
Is 240827393 a prime number?
True
Is 3393089 composite?
True
Is 424679 a composite number?
False
Is 70762267 a composite number?
False
Is 2823437 a composite number?
False
Is 2465777 composite?
False
Is 72900703 prime?
True
Is 5674091 a composite number?
False
Is 221377571 composite?
True
Is 122025299 a prime number?
False
Is 75143111 prime?
False
Is 6255059 prime?
False
Is 2919739 prime?
False
Is 25076629 composite?
False
Is 156054317 prime?
True
Is 2087843 composite?
True
Is 2613817 a prime number?
True
Is 20538587 a composite number?
True
Is 4245743 a composite number?
False
Is 27815539 prime?
False
Is 2535781 a prime number?
True
Is 6897613 prime?
False
Is 497851 a composite number?
False
Is 6623219 composite?
True
Is 55607623 composite?
True
Is 44466697 a composite number?
True
Is 23818967 a composite number?
False
Is 315572339 a prime number?
True
Is 14897917 a prime number?
False
Is 672390049 a composite number?
False
Is 101598359 a prime number?
True
Is 10293421 prime?
False
Is 108631 a prime number?
True
Is 658195 composite?
True
Is 3909329 a prime number?
True
Is 4399457 prime?
True
Is 32028141 prime?
False
Is 531458069 composite?
False
Is 1962671 prime?
False
Is 5472659 prime?
True
Is 1122367 composite?
False
Is 31104649 composite?
False
Is 29137129 a prime number?
False
Is 15780101 composite?
True
Is 9240391 a prime number?
False
Is 73398641 composite?
False
Is 75319507 a composite number?
False
Is 4238593 prime?
False
Is 13799549 a composite number?
False
Is 1810379 a composite number?
True
Is 112176373 a composite number?
True
Is 131533405 prime?
False
Is 113389037 composite?
False
Is 384845887 a prime number?
False
Is 11786449 a prime number?
False
Is 6942967 composite?
False
Is 164472983 composite?
False
Is 437761163 prime?
False
Is 625697 a composite number?
False
Is 9267251 a prime number?
False
Is 1046931887 composite?
True
Is 89338189 a prime number?
True
Is 116472571 composite?
False
Is 330612677 a composite number?
False
Is 2483157 composite?
True
Is 771527 a composite number?
False
Is 1207883 a prime number?
True
Is 48210839 prime?
True
Is 86840869 composite?
False
Is 569692415 prime?
False
Is 10408909 prime?
False
Is 7078235 prime?
False
Is 118375009 prime?
False
Is 21634961 a composite number?
False
Is 1188712193 a prime number?
True
Is 5036147 prime?
True
Is 7762499 a composite number?
False
Is 30052877 a prime number?
False
Is 9645241 prime?
True
Is 36318043 a composite number?
False
Is 2056163 a prime number?
False
Is 84621059 a prime number?
True
Is 16269937 a prime number?
False
Is 6472513 prime?
True
Is 12948427 a composite number?
False
Is 23249519 prime?
True
Is 23031157 prime?
True
Is 2328023 a prime number?
False
Is 14418811 composite?
True
Is 1115683 composite?
False